prime factors of 1151826668.
2, 1597, 180311
What are the prime factors of 2154449436?
2, 3, 347, 517399
What are the prime factors of 24487310?
2, 5, 17, 29, 4967
What are the prime factors of 271905010?
2, 5, 13, 19, 110083
What are the prime factors of 71024864?
2, 2219527
What are the prime factors of 1330318904?
2, 127, 1309369
What are the prime factors of 2538702?
2, 3, 15671
What are the prime factors of 1342618114?
2, 79, 8497583
List the prime factors of 141609555.
3, 5, 3146879
What are the prime factors of 560980342?
2, 13, 1483, 14549
List the prime factors of 33510842.
2, 17, 985613
What are the prime factors of 449420554?
2, 11, 137, 149111
What are the prime factors of 79647449?
7, 19, 598853
List the prime factors of 199718144.
2, 43, 18143
List the prime factors of 249181424.
2, 15573839
What are the prime factors of 131590401?
3, 479, 91573
What are the prime factors of 3568996737?
3, 29, 31, 441107
List the prime factors of 36494485.
5, 7298897
List the prime factors of 277682268.
2, 3, 3989, 5801
List the prime factors of 1612388982.
2, 3, 19, 2239, 6317
What are the prime factors of 88143758?
2, 59, 746981
What are the prime factors of 2277881545?
5, 421, 1082129
What are the prime factors of 3863409016?
2, 482926127
What are the prime factors of 288101927?
1787, 161221
What are the prime factors of 7268885?
5, 13, 111829
What are the prime factors of 990535776?
2, 3, 683, 15107
What are the prime factors of 738153012?
2, 3, 41, 59, 431
What are the prime factors of 408160286?
2, 97, 2103919
What are the prime factors of 398591148?
2, 3, 33215929
What are the prime factors of 103401337?
13, 31, 256579
List the prime factors of 1780163274.
2, 3, 2659, 111581
List the prime factors of 1574612925.
3, 5, 137, 153247
What are the prime factors of 855622425?
3, 5, 7, 23, 59, 1201
What are the prime factors of 1320031183?
1013, 1303091
What are the prime factors of 1092765488?
2, 503, 135781
What are the prime factors of 2048074147?
7, 223, 1312027
What are the prime factors of 67182730?
2, 5, 6718273
List the prime factors of 950275567.
23, 29, 1424701
List the prime factors of 10241814.
2, 3, 11, 29, 5351
What are the prime factors of 518970599?
7, 74138657
What are the prime factors of 340154222?
2, 23, 853, 8669
What are the prime factors of 130239896?
2, 1283, 12689
List the prime factors of 67234042.
2, 33617021
What are the prime factors of 223074262?
2, 227, 491353
List the prime factors of 82440083.
11, 67, 10169
What are the prime factors of 341526164?
2, 7, 79, 103, 1499
What are the prime factors of 3795281139?
3, 13, 97314901
What are the prime factors of 342686074?
2, 3823, 44819
List the prime factors of 14590407.
3, 13, 61, 6133
What are the prime factors of 5354518559?
13, 29, 439, 32353
List the prime factors of 292113335.
5, 37, 127, 12433
What are the prime factors of 55196365?
5, 7, 17, 92767
List the prime factors of 122816051.
122816051
List the prime factors of 38146444.
2, 7, 241, 5653
List the prime factors of 10982145.
3, 5, 83, 8821
List the prime factors of 31197027.
3, 107, 97187
List the prime factors of 38772490.
2, 5, 73, 53113
List the prime factors of 658676954.
2, 13, 101, 250829
List the prime factors of 56024101.
7, 271, 4219
What are the prime factors of 392771475?
3, 5, 167, 10453
What are the prime factors of 371146264?
2, 1103, 42061
List the prime factors of 45635107.
7, 67, 97303
What are the prime factors of 2396311725?
3, 5, 2477, 12899
List the prime factors of 2286956477.
13, 337, 522017
List the prime factors of 15970364.
2, 137, 151, 193
List the prime factors of 4327683177.
3, 157, 2617, 3511
List the prime factors of 39928413.
3, 7, 1901353
What are the prime factors of 48613011?
3, 16204337
List the prime factors of 1414727625.
3, 5, 31, 121697
What are the prime factors of 283644164?
2, 70911041
List the prime factors of 2354785653.
3, 11, 19, 131, 28669
What are the prime factors of 1665990791?
1665990791
List the prime factors of 807066384.
2, 3, 97, 1787
List the prime factors of 4969390804.
2, 7, 43, 67, 61603
List the prime factors of 4331499373.
4331499373
List the prime factors of 312763813.
1699, 184087
List the prime factors of 49750853.
127, 391739
List the prime factors of 41336537.
11, 17, 13003
What are the prime factors of 36498172?
2, 131, 69653
List the prime factors of 867398551.
71, 397, 30773
What are the prime factors of 337351262?
2, 59, 193, 14813
What are the prime factors of 4905366?
2, 3, 817561
List the prime factors of 981549291.
3, 19, 421, 40903
List the prime factors of 77968909.
2969, 26261
List the prime factors of 3118520.
2, 5, 53, 1471
List the prime factors of 1174551713.
1174551713
What are the prime factors of 15958876?
2, 733, 5443
List the prime factors of 97376649.
3, 1433, 22651
What are the prime factors of 221641187?
221641187
What are the prime factors of 112995852?
2, 3, 107, 88003
List the prime factors of 98692244.
2, 7, 317, 11119
What are the prime factors of 41782124?
2, 17, 197, 3119
List the prime factors of 414215296.
2, 11, 37, 7951
What are the prime factors of 60929070?
2, 3, 5, 23, 227, 389
What are the prime factors of 174294371?
197, 884743
What are the prime factors of 11396188?
2, 17, 29, 5779
What are the prime factors of 117439022?
2, 1619, 36269
List the prime factors of 93038523.
3, 31012841
List the prime factors of 353707320.
2, 3, 5, 2947561
What are the prime factors of 1233225740?
2, 5, 1153, 53479
What are the prime factors of 178569780?
2, 3, 5, 641, 4643
What are the prime factors of 1534718952?
2, 3, 13, 103, 15919
List the prime factors of 2173231766.
2, 3943, 275581
List the prime factors of 55194459.
3, 18398153
What are the prime factors of 27987132?
2, 3, 1223, 1907
List the prime factors of 3914114553.
3, 434901617
What are the prime factors of 334960817?
29, 11550373
What are the prime factors of 1066858138?
2, 103, 5178923
List the prime factors of 13011838.
2, 7, 929417
What are the prime factors of 21482978?
2, 11, 97, 10067
What are the prime factors of 50977675?
5, 7, 37, 7873
What are the prime factors of 8446187?
137, 61651
List the prime factors of 246882771.
3, 29, 41, 23071
What are the prime factors of 7248538166?
2, 17, 1621, 131519
What are the prime factors of 16077711?
3, 13, 412249
What are the prime factors of 3967402770?
2, 3, 5, 4111, 10723
List the prime factors of 2604981683.
2604981683
List the prime factors of 284573819.
1289, 220771
What are the prime factors of 194369610?
2, 3, 5, 733, 8839
What are the prime factors of 27738959?
127, 218417
List the prime factors of 97012811.
7, 1091, 12703
What are the prime factors of 5689142857?
61, 557, 167441
What are the prime factors of 69922760?
2, 5, 23, 76003
What are the prime factors of 8595624?
2, 3, 557, 643
List the prime factors of 2092423.
43, 48661
What are the prime factors of 75402765?
3, 5, 558539
What are the prime factors of 160398878?
2, 80199439
List the prime factors of 55449001.
3631, 15271
What are the prime factors of 1212445?
5, 13, 23, 811
What are the prime factors of 10262393?
23, 446191
List the prime factors of 74432265.
3, 5, 4962151
List the prime factors of 1399536478.
2, 31, 2393, 9433
List the prime factors of 1297945728.
2, 3, 375563
What are the prime factors of 1198317032?
2, 11, 13617239
List the prime factors of 724338598.
2, 53, 853, 8011
List the prime factors of 548292826.
2, 491, 558343
List the prime factors of 1107676325.
5, 7, 59, 71, 1511
What are the prime factors of 2058275580?
2, 3, 5, 29, 1182917
List the prime factors of 199033958.
2, 99516979
What are the prime factors of 279966492?
2, 3, 13, 598219
What are the prime factors of 525893437?
525893437
What are the prime factors of 443126250?
2, 3, 5, 7, 17, 331
List the prime factors of 255521983.
5297, 48239
What are the prime factors of 74079999?
3, 7, 17, 263
What are the prime factors of 100606231?
11, 9146021
What are the prime factors of 827227577?
11, 3739, 20113
List the prime factors of 155412769.
29, 83, 64567
List the prime factors of 526772384.
2, 223, 73819
What are the prime factors of 3229989790?
2, 5, 263, 1228133
What are the prime factors of 1850463441?
3, 68535683
List the prime factors of 450106034.
2, 7, 